e the prime factors of c?
2, 1753
Let l = -1064 - -1056. Let i(q) be the third derivative of -5*q**4/12 - 16*q**3/3 + 2*q**2. What are the prime factors of i(l)?
2, 3
List the prime factors of 180/(-40)*(-12261 - -5).
2, 3, 383
Suppose 63*q + 50 = 88*q. Suppose -3*r + 1617 = q*w, 4*w + w + 2*r = 4070. What are the prime factors of w?
2, 3, 17
Suppose 0 = -4*n - 4*o - 12, -2*n - 2*o = o + 11. Suppose -n*f - 153 = -5*q, q = 11*f - 6*f + 26. List the prime factors of q.
31
Let u(h) = -1019*h**3 + 2041*h**3 + 30*h**2 - 31 - 1020*h**3 - 33*h. What are the prime factors of u(-15)?
2, 29
Suppose 65*k - 59*k = 72. Suppose 0 = x + 2*x. Suppose x = -k*y + 1103 + 265. What are the prime factors of y?
2, 3, 19
Suppose 8957 = 20*z - 326833 - 221270. What are the prime factors of z?
7, 23, 173
Let d(j) = 66*j - 396. Let h be d(6). Suppose 4*i - 2*i - 910 = h. What are the prime factors of i?
5, 7, 13
Suppose -848 = -4*o - 3*v, -5*o - v = 3*v - 1060. Let b = 430 - o. What are the prime factors of b?
2, 109
Suppose 4*d - 4*h = 0, 6*d - 9*d + h = 0. Suppose 10*j - 583 - 1127 = d. Suppose -22*f = -25*f + j. What are the prime factors of f?
3, 19
Suppose 474752 + 32988 = 106*k. List the prime factors of k.
2, 5, 479
Suppose -29*o + 2112 = -2267. Suppose -6*x = -o - 713. List the prime factors of x.
2, 3
Let a(f) = -f**3 - 26*f**2 + 22*f + 25. Let k be a(-27). Let d = 304 - k. What are the prime factors of d?
2, 3
Let v(l) = -2*l**3 - 3*l**2 + 21*l - 1. Let c be v(-8). Suppose -4*h + 1900 = 4*b, -2565 = -4*b - 2*h - c. List the prime factors of b.
2, 7, 17
Let m(i) = 3*i + 56. Let n be m(-13). Suppose 2*j + 2895 = n*j. What are the prime factors of j?
193
Suppose u + 320 = 11*u. Let w = 32 - u. Suppose 3*a - 5*a + 60 = w. What are the prime factors of a?
2, 3, 5
Let v be (0 - (1 + -1))*-1. Suppose 5*y = -v + 175. Suppose 0 = 5*x + 5, -2*x - x + y = w. List the prime factors of w.
2, 19
Let b = -50643 - -92406. What are the prime factors of b?
3, 13921
List the prime factors of ((-126096)/(-16) + -16)*4/10.
2, 11, 13
Suppose -10*y = -119 - 1891. Let b = 244 - y. List the prime factors of b.
43
Let f(z) = -z**3 - 6*z**2 - 3*z - 14. Let p be f(-6). Let l(s) = 2*s - 4. Let i be l(p). Suppose i*d = 56 + 28. What are the prime factors of d?
3, 7
Suppose -45*r - 18564 = -6*r. Let m = 609 + r. What are the prime factors of m?
7, 19
Let h = 7386 - -1200. What are the prime factors of h?
2, 3, 53
What are the prime factors of 74718/18 - (-80)/(-10)?
3, 1381
Let v(u) = -10*u**3 - u**2 - 24*u - 44. Let c be v(-2). What are the prime factors of (-60)/c + (-10629)/(-12)?
3, 5, 59
Suppose 4*t + 11 - 1 = -2*j, 5*j + 25 = -3*t. Suppose -q - 4*h + 461 = t, 22*q + 4*h = 18*q + 1796. List the prime factors of q.
5, 89
Suppose 21*n - 30046 = 20795. What are the prime factors of n?
3, 269
Let n(f) = -189*f**3 - 6*f**2 - 14*f - 56. What are the prime factors of n(-5)?
83, 283
Suppose 2*i - 4*c + 8 = 0, 4*i - 3*c - 1 = -i. Suppose 0 = r - i - 61. Suppose 0 = 4*a - 145 - r. List the prime factors of a.
2, 13
Suppose -18*w + 44 - 260 = 0. List the prime factors of w/(-10)*76830/117.
2, 197
Suppose 4 = -19*b + 99. Let l = 682 - 341. Suppose b*z - 169 = l. What are the prime factors of z?
2, 3, 17
Let n be 9/(-45) - 44/(-20). What are the prime factors of (-4 - -7 - n)*146?
2, 73
Let s(l) = 17*l + 10. Suppose 2*g = -3*k + 1, -k - 2*g + 4 = 9. What are the prime factors of s(k)?
61
Suppose -62*x + 683 = -107 - 326. Suppose -2*o - 4 = 4*c - 34, o = -c + 18. Suppose o = -15*k + x*k. List the prime factors of k.
7
Suppose -4*l = 4*r + l + 180, -5*r - 246 = l. Let p = 40 + r. What are the prime factors of (p - 150)*4/(-10)?
2
Let v(j) = 16*j**2 - 11*j + 0*j - 59 + 41 - j**3. Let o be v(16). Let n = 288 + o. List the prime factors of n.
2, 47
Let h(y) = -7*y + 5. Let z be h(-1). Let u(f) = -6*f + 62*f**2 + 0 - 8 + z. List the prime factors of u(-2).
2, 3, 11
Suppose 13*r = 25*r + 168. List the prime factors of (4/r)/(62/(-1519)).
7
Let a be 90/4*(-112)/24. Let u = a - -163. Let g = u + -55. List the prime factors of g.
3
What are the prime factors of (504/(-52))/21 + (-1156192)/(-52)?
2, 11117
Let w(q) = 14*q + 15. Suppose -13*n = -16*n + 30. Let x(t) = -t**2 + 9*t + 21. Let z be x(n). List the prime factors of w(z).
13
Let v(i) = -3*i**2 - i - 59. Let n be v(-17). Let l = 2043 + n. List the prime factors of l.
2, 3, 7
Suppose 6*f + 100 = -140. List the prime factors of (f/(-16))/((-6)/(-1548)).
3, 5, 43
Suppose -27*r = -10*r + 83*r - 2861500. What are the prime factors of r?
5, 59, 97
List the prime factors of ((-12620)/(-14) + (-6)/(-21))/(90/5355).
2, 3, 17, 263
Let h(a) = 1695*a**2 + 3. What are the prime factors of h(-2)?
3, 7, 17, 19
List the prime factors of (-220)/(-240)*44*(-696)/(-1).
2, 11, 29
Suppose 5*d - 15 = 2*d. Suppose 3*m = -d*w + 4*w - 87, -2*m - 5*w = 71. Let k = m + 91. List the prime factors of k.
3, 7
Let r(m) = -92*m - 1800. What are the prime factors of r(-79)?
2, 1367
Let x(o) be the first derivative of -o**4/4 + 5*o**3/3 - 3*o**2/2 - 4*o - 2. Let g be x(4). Suppose g*t + t - 4 = 0. What are the prime factors of t?
2
Let s = 455 + -471. Let z(h) = h**3 + 18*h**2 + 8*h - 41. List the prime factors of z(s).
7
Let y(s) = -286*s**2 - 3 + s - 4 + 287*s**2 + 7. Let n(g) = g**3 + 7*g**2 - 8*g + 3. Let o be n(-8). What are the prime factors of y(o)?
2, 3
Let t(w) = 3*w**2 - 25*w - 12. Let o be t(8). What are the prime factors of -17 - o - 621/(1 - 4)?
2, 3, 5, 7
Let o be (-9)/(-6) - (-405)/10. Let t = 40 - o. What are the prime factors of (5 + 245/(-5))/(2/t)?
2, 11
Let z = 15060 - -1626. What are the prime factors of ((-1)/(-3))/(6/z)?
3, 103
Let r = -2420 + 4274. List the prime factors of r.
2, 3, 103
Let s(u) = -307*u - 142. What are the prime factors of s(-13)?
3, 1283
Let b(x) be the first derivative of x**2/2 + 29*x - 15. Let l be b(14). What are the prime factors of l + (5 - 4 - 1)?
43
Let u be -124*(-4 + (-6)/(-8)). Suppose -u - 11801 = -27*v. What are the prime factors of v?
2, 113
Suppose 8*q + 8756 = -6724. Let z = q - -2858. List the prime factors of z.
13, 71
Let j = 378 - 361. Let x = 424 - j. What are the prime factors of x?
11, 37
Let c(y) = 41. Let b(v) = v + 40. Let w(g) = 4*b(g) - 5*c(g). Let a be w(13). Suppose -a*d + 63 = -4*d. What are the prime factors of d?
3, 7
Let o be 294/9*(0 + -3). Let z = o + 170. Suppose 2*a - 42 = -4*s + z, 5*s - 171 = -3*a. List the prime factors of a.
3, 19
Let u(v) = -3*v**3 - 134*v**2 + 53*v - 419. List the prime factors of u(-46).
3, 7, 89
List the prime factors of (-308)/363 - 10/(-15) - 462532/(-22).
2, 3, 73
Suppose 28*b - 325800 = -b + 14*b. What are the prime factors of b?
2, 3, 5, 181
Suppose -123*a + 122*a - 5*v + 1183 = 0, 4*v = -32. List the prime factors of a.
1223
Suppose -2*s = -7*s - 5, -5*s = -5*c + 95. Suppose -c*i - 2471 = -25*i. What are the prime factors of i?
353
List the prime factors of 20/190 - 964428/(-114).
2, 3, 5, 47
Let d = -7 + 89. Suppose -f + 60 + d = 5*i, 0 = 5*f + 5*i - 730. What are the prime factors of f?
3, 7
Suppose 5*m + h = 32515, 10*h = 3*m + 8*h - 19496. What are the prime factors of m?
2, 3251
Let m(h) = 22*h**2 - 108*h - 213. What are the prime factors of m(16)?
3691
Suppose -134*h - 684948 = -22*h - 2634756. List the prime factors of h.
3, 7, 829
Let t = 4001 - 3893. List the prime factors of t.
2, 3
Let b(x) be the second derivative of 67*x**3/3 + x**2 - 9*x + 2. Suppose 2*z - 4 = -2*z. What are the prime factors of b(z)?
2, 17
Suppose -2*n + 1240 = 4*o, 112 = o + n - 200. Suppose -5*b + 8*b = -p + 316, -3*b = 5*p - o. List the prime factors of b.
2, 53
Let p(v) = -v**3 - 13*v**2 + 22*v + 13. Suppose -4*j + 2*m + 3*m - 79 = 0, -m - 45 = 3*j. List the prime factors of p(j).
3, 11, 13
Let n be -9*((6 - 7) + -1). Suppose -n*r + 4590 = -9*r. What are the prime factors of r?
2, 3, 5, 17
What are the prime factors of 6/14 + (-4)/((-168)/6114)?
2, 73
Let x = -1577 + 2530. Suppose 1202 = 2*n + 4*t, -3*t + x + 847 = 3*n. What are the prime factors of n?
599
Suppose 0 = -0*y + 3*y - 15. Suppose y*s + 18 = 8*s. Suppose -s*m + 5*j + 300 = -3*m, 5*m = -5*j + 500. List the prime factors of m.
2, 5
Suppose -147*m = -150*m - 2475. Let a = -477 - m. List the prime factors of a.
2, 3, 29
Suppose